 the prime factors of 3165827.
7, 617, 733
List the prime factors of 14278126.
2, 1033, 6911
List the prime factors of 30148001.
13, 2319077
List the prime factors of 203910.
2, 3, 5, 7, 971
What are the prime factors of 1180902?
2, 3, 196817
What are the prime factors of 805298?
2, 13, 47, 659
What are the prime factors of 1361870?
2, 5, 17, 8011
List the prime factors of 11642218.
2, 7, 831587
What are the prime factors of 2932266?
2, 3, 488711
List the prime factors of 3255576.
2, 3, 135649
List the prime factors of 201971.
7, 11, 43, 61
What are the prime factors of 332069?
332069
List the prime factors of 1052114.
2, 7, 223, 337
What are the prime factors of 1596359?
229, 6971
What are the prime factors of 820607?
17, 48271
List the prime factors of 388169.
388169
What are the prime factors of 24932468?
2, 11, 149, 3803
List the prime factors of 2129526.
2, 3, 7, 16901
What are the prime factors of 2584215?
3, 5, 57427
What are the prime factors of 5249469?
3, 211, 8293
What are the prime factors of 218627?
218627
List the prime factors of 452239.
452239
What are the prime factors of 6550285?
5, 7, 23, 79, 103
What are the prime factors of 1290861?
3, 11, 13, 17, 59
What are the prime factors of 525287?
7, 75041
What are the prime factors of 7097873?
7097873
List the prime factors of 12596733.
3, 919, 1523
List the prime factors of 4262929.
11, 191, 2029
What are the prime factors of 15575096?
2, 97, 20071
What are the prime factors of 2933701?
1019, 2879
List the prime factors of 3400794.
2, 3, 188933
List the prime factors of 1090987.
853, 1279
List the prime factors of 12049506.
2, 3, 7, 127, 251
What are the prime factors of 976722?
2, 3, 162787
What are the prime factors of 178193?
73, 2441
What are the prime factors of 813039?
3, 271013
What are the prime factors of 14572961?
13, 17, 23, 47, 61
List the prime factors of 491238.
2, 3, 11, 827
List the prime factors of 554198.
2, 277099
What are the prime factors of 125581?
31, 4051
List the prime factors of 1554526.
2, 31, 25073
What are the prime factors of 269829?
3, 7, 4283
What are the prime factors of 634899?
3, 17, 59, 211
What are the prime factors of 41014?
2, 20507
What are the prime factors of 231592?
2, 28949
What are the prime factors of 517987?
47, 103, 107
List the prime factors of 4159263.
3, 97, 14293
What are the prime factors of 3051010?
2, 5, 305101
List the prime factors of 743089.
743089
What are the prime factors of 15120?
2, 3, 5, 7
What are the prime factors of 1415427?
3, 13, 36293
What are the prime factors of 4171485?
3, 5, 47, 61, 97
List the prime factors of 4000191.
3, 13, 109, 941
What are the prime factors of 6192811?
17, 137, 2659
List the prime factors of 770775.
3, 5, 43, 239
What are the prime factors of 5288455?
5, 389, 2719
List the prime factors of 1115921.
47, 23743
List the prime factors of 11486855.
5, 2297371
List the prime factors of 6207.
3, 2069
List the prime factors of 459896.
2, 57487
List the prime factors of 4909920.
2, 3, 5, 53, 193
What are the prime factors of 785841?
3, 7, 23, 1627
List the prime factors of 102310.
2, 5, 13, 787
List the prime factors of 2650472.
2, 11, 30119
What are the prime factors of 469215?
3, 5, 10427
List the prime factors of 185456.
2, 67, 173
List the prime factors of 73562.
2, 36781
List the prime factors of 116260.
2, 5, 5813
List the prime factors of 980716.
2, 11, 31, 719
What are the prime factors of 18268?
2, 4567
List the prime factors of 6377651.
7, 29, 89, 353
What are the prime factors of 2850414?
2, 3, 7, 67867
What are the prime factors of 12742?
2, 23, 277
List the prime factors of 675158.
2, 11, 30689
What are the prime factors of 808678?
2, 13, 19, 1637
What are the prime factors of 20862?
2, 3, 19, 61
What are the prime factors of 207151?
7, 101, 293
What are the prime factors of 5315855?
5, 41, 25931
List the prime factors of 4376955.
3, 5, 11, 41, 647
List the prime factors of 188599.
151, 1249
List the prime factors of 3058462.
2, 11, 139021
List the prime factors of 4430779.
4430779
List the prime factors of 4049926.
2, 19, 197, 541
List the prime factors of 1013851.
1013851
List the prime factors of 82496.
2, 1289
What are the prime factors of 200888?
2, 25111
List the prime factors of 41546.
2, 20773
List the prime factors of 250759.
31, 8089
What are the prime factors of 13508594?
2, 11, 157, 3911
What are the prime factors of 6775018?
2, 23, 147283
List the prime factors of 81984.
2, 3, 7, 61
What are the prime factors of 164931?
3, 13, 4229
List the prime factors of 7335645.
3, 5, 489043
What are the prime factors of 2227096?
2, 278387
List the prime factors of 101661.
3, 7, 47, 103
What are the prime factors of 4048436?
2, 7, 191, 757
What are the prime factors of 183599?
13, 29, 487
What are the prime factors of 791323?
13, 29, 2099
List the prime factors of 1654081.
11, 13, 43, 269
What are the prime factors of 5993648?
2, 374603
List the prime factors of 4597594.
2, 433, 5309
List the prime factors of 933994.
2, 466997
What are the prime factors of 267590?
2, 5, 26759
List the prime factors of 2196625.
5, 17573
List the prime factors of 522445.
5, 7, 11, 23, 59
What are the prime factors of 1000914?
2, 3, 23, 7253
What are the prime factors of 746746?
2, 7, 11, 13, 373
List the prime factors of 9523127.
23, 414049
List the prime factors of 5442320.
2, 5, 13, 5233
What are the prime factors of 13926371?
107, 157, 829
List the prime factors of 568263.
3, 189421
List the prime factors of 803505.
3, 5, 17, 23, 137
List the prime factors of 194085.
3, 5, 19, 227
List the prime factors of 7121280.
2, 3, 5, 3709
List the prime factors of 11667.
3, 3889
What are the prime factors of 6606202?
2, 37, 89273
What are the prime factors of 73600?
2, 5, 23
What are the prime factors of 4065663?
3, 7, 193603
List the prime factors of 999181.
999181
List the prime factors of 292705.
5, 7, 8363
What are the prime factors of 353061?
3, 39229
What are the prime factors of 268157?
23, 89, 131
List the prime factors of 20141962.
2, 347, 29023
What are the prime factors of 9783408?
2, 3, 203821
List the prime factors of 1144777.
59, 19403
What are the prime factors of 497480?
2, 5, 12437
List the prime factors of 202521.
3, 11, 17, 19
What are the prime factors of 965320?
2, 5, 24133
What are the prime factors of 5145654?
2, 3, 47, 71, 257
What are the prime factors of 231823?
231823
What are the prime factors of 9042284?
2, 2260571
What are the prime factors of 13398326?
2, 107, 137, 457
What are the prime factors of 4710797?
7, 13, 51767
What are the prime factors of 16682214?
2, 3, 2780369
What are the prime factors of 774360?
2, 3, 5, 239
List the prime factors of 3983218.
2, 1991609
List the prime factors of 6762361.
6762361
List the prime factors of 667487.
667487
What are the prime factors of 1450415?
5, 290083
What are the prime factors of 95232?
2, 3, 31
What are the prime factors of 12283147?
197, 62351
What are the prime factors of 6437498?
2, 3218749
List the prime factors of 11269845.
3, 5, 250441
List the prime factors of 806798.
2, 41, 9839
List the prime factors of 4534813.
1453, 3121
List the prime factors of 1151332.
2, 7, 13, 3163
List the prime factors of 43662651.
3, 167, 87151
What are the prime factors of 8428665?
3, 5, 7, 80273
What are the prime factors of 404103?
3, 7, 2749
What are the prime factors of 296432?
2, 97, 191
What are the prime factors of 699704?
2, 149, 587
List the prime factors of 975972.
2, 3, 81331
List the prime factors of 142112.
2, 4441
List the prime factors of 1370746.
2, 13, 52721
List the prime factors of 215369.
7, 11, 2797
List the prime factors of 3904352.
2, 122011
List the prime factors of 870809.
870809
List the prime factors of 506847.
3, 11, 15359
What are the prime factors of 26136132?
2, 3, 11, 389, 509
What are the prime factors of 6636781?
6636781
List the prime factors of 875982.
2, 3, 83, 1759
List the prime factors of 11587754.
2, 2273, 2549
List the prime factors of 15426639.
3, 101, 5657
List the prime factors of 3592784.
2, 13, 23, 751
What are the prime factors of 476371?
7, 68053
List the prime factors of 19112769.
3, 13, 29, 43, 131
List the prime factors of 3292681.
7, 19, 1303
What are the prime factors of 51975?
3, 5, 